rue
Does 29 divide 10427?
False
Does 104 divide 10608?
True
Is 4728 a multiple of 139?
False
Is 510 a multiple of 30?
True
Does 15 divide 5719?
False
Does 15 divide 59206?
False
Is 4940 a multiple of 5?
True
Is 11 a factor of 1193?
False
Is 22 a factor of 43670?
True
Does 18 divide 7308?
True
Is 5076 a multiple of 94?
True
Is 22900 a multiple of 4?
True
Is 40 a factor of 6280?
True
Is 891 a multiple of 9?
True
Does 6 divide 1641?
False
Is 38 a factor of 9044?
True
Is 27 a factor of 13203?
True
Is 50422 a multiple of 15?
False
Is 17 a factor of 585?
False
Is 16 a factor of 8560?
True
Does 34 divide 18207?
False
Is 34800 a multiple of 75?
True
Does 7 divide 334?
False
Does 9 divide 514?
False
Does 3 divide 183?
True
Is 63 a factor of 1953?
True
Is 44 a factor of 6262?
False
Is 36 a factor of 972?
True
Is 46 a factor of 966?
True
Does 15 divide 105?
True
Is 107 a factor of 1819?
True
Does 6 divide 1296?
True
Is 5138 a multiple of 80?
False
Is 3394 a multiple of 32?
False
Is 16 a factor of 3296?
True
Is 3912 a multiple of 43?
False
Is 5 a factor of 118?
False
Is 17958 a multiple of 29?
False
Does 5 divide 1105?
True
Is 89 a factor of 613?
False
Does 19 divide 57?
True
Does 31 divide 17840?
False
Is 33 a factor of 1875?
False
Does 41 divide 147?
False
Is 31 a factor of 2803?
False
Is 77 a factor of 5997?
False
Does 10 divide 7590?
True
Is 8 a factor of 42?
False
Does 66 divide 12229?
False
Is 775 a multiple of 17?
False
Is 620 a multiple of 31?
True
Does 34 divide 388?
False
Is 83 a multiple of 5?
False
Is 102 even?
True
Is 13157 a multiple of 21?
False
Does 13 divide 2215?
False
Is 47 a factor of 8648?
True
Does 115 divide 57893?
False
Does 3 divide 4?
False
Does 12 divide 10332?
True
Is 3924 a multiple of 33?
False
Does 9 divide 10395?
True
Is 18 a factor of 11281?
False
Does 15 divide 12058?
False
Is 1940 a multiple of 15?
False
Is 19275 a multiple of 29?
False
Is 4452 a multiple of 6?
True
Is 328 a multiple of 12?
False
Is 40 a factor of 11295?
False
Is 20474 a multiple of 13?
False
Is 702 a multiple of 39?
True
Is 339 a multiple of 24?
False
Is 7 a factor of 13025?
False
Does 20 divide 520?
True
Is 15660 a multiple of 36?
True
Is 105559 a multiple of 373?
True
Does 2 divide 183?
False
Is 124 a multiple of 4?
True
Is 15 a factor of 8032?
False
Does 6 divide 19320?
True
Does 112 divide 11699?
False
Does 183 divide 30561?
True
Is 41 a factor of 347?
False
Is 32 a factor of 1799?
False
Is 34 a factor of 427?
False
Is 13288 a multiple of 4?
True
Is 7 a factor of 854?
True
Does 75 divide 12300?
True
Is 104 a factor of 6240?
True
Is 1528 a multiple of 8?
True
Does 15 divide 704?
False
Is 63 a factor of 16695?
True
Is 14 a factor of 57484?
True
Is 1812 a multiple of 6?
True
Is 10 a factor of 830?
True
Is 5627 a multiple of 7?
False
Is 17 a factor of 2462?
False
Is 27 a factor of 31293?
True
Is 11966 a multiple of 62?
True
Is 117 a factor of 96876?
True
Does 8 divide 3784?
True
Is 1378 a multiple of 53?
True
Does 29 divide 18973?
False
Is 65 a factor of 2535?
True
Is 253 a multiple of 7?
False
Does 17 divide 9904?
False
Is 20 a factor of 440?
True
Is 47 a factor of 5687?
True
Is 2176 a multiple of 17?
True
Is 26 a factor of 21528?
True
Is 55 a factor of 387?
False
Is 64 a factor of 56832?
True
Is 4 a factor of 1837?
False
Does 134 divide 2278?
True
Does 35 divide 55335?
True
Is 340 a multiple of 85?
True
Is 8250 a multiple of 330?
True
Is 1302 a multiple of 17?
False
Does 21 divide 1867?
False
Is 20 a factor of 405?
False
Does 10 divide 3470?
True
Does 39 divide 138?
False
Does 71 divide 2840?
True
Does 12 divide 6612?
True
Is 50 a factor of 6239?
False
Is 47 a factor of 13348?
True
Is 4 a factor of 629?
False
Is 3910 a multiple of 10?
True
Does 272 divide 14972?
False
Is 3 a factor of 569?
False
Is 3384 a multiple of 9?
True
Is 87 a factor of 12528?
True
Is 51563 a multiple of 15?
False
Is 6 a factor of 7950?
True
Is 15392 a multiple of 17?
False
Is 28689 a multiple of 219?
True
Does 14 divide 3178?
True
Is 6220 a multiple of 10?
True
Is 162 a factor of 60800?
False
Does 6 divide 186?
True
Is 1161 a multiple of 24?
False
Is 1192 a multiple of 7?
False
Is 77 a factor of 5123?
False
Is 954 a multiple of 18?
True
Is 192 a multiple of 16?
True
Is 16 a factor of 5318?
False
Is 22 a factor of 514?
False
Does 12 divide 781?
False
Does 21 divide 3738?
True
Does 10 divide 300?
True
Is 22402 a multiple of 487?
True
Does 400 divide 61351?
False
Is 18 a factor of 22122?
True
Is 48679 a multiple of 45?
False
Is 7 a factor of 56655?
False
Is 17922 a multiple of 174?
True
Is 8412 a multiple of 31?
False
Is 45 a factor of 9225?
True
Is 16 a factor of 66?
False
Does 9 divide 2088?
True
Does 20 divide 1222?
False
Is 7495 a multiple of 10?
False
Is 133 a factor of 133?
True
Is 22 a factor of 16789?
False
Does 22 divide 13508?
True
Does 7 divide 67?
False
Is 7 a factor of 260?
False
Is 592 a multiple of 10?
False
Is 459 a multiple of 51?
True
Is 10076 a multiple of 169?
False
Does 135 divide 1359?
False
Is 4775 a multiple of 25?
True
Is 41081 a multiple of 48?
False
Is 3575 a multiple of 65?
True
Is 125 a factor of 6463?
False
Is 15 a factor of 2098?
False
Is 19 a factor of 579?
False
Is 1721 a multiple of 43?
False
Is 12 a factor of 15378?
False
Is 2876 a multiple of 21?
False
Is 51 a factor of 204?
True
Is 25 a factor of 900?
True
Is 17010 a multiple of 10?
True
Is 44 a multiple of 4?
True
Is 17372 a multiple of 2?
True
Is 943 a multiple of 127?
False
Is 27 a factor of 297?
True
Is 6438 a multiple of 29?
True
Is 8 a factor of 99272?
True
Is 3859 a multiple of 38?
False
Does 50 divide 5089?
False
Is 5928 a multiple of 9?
False
Is 2 a factor of 1850?
True
Is 17627 a multiple of 18?
False
Does 24 divide 353?
False
Is 14 a factor of 1260?
True
Is 6 a factor of 2160?
True
Is 1043 a multiple of 27?
False
Is 3 a factor of 502?
False
Does 50 divide 110550?
True
Does 28 divide 5684?
True
Is 19166 a multiple of 22?
False
Is 18 a factor of 126?
True
Is 22 a factor of 308?
True
Is 4 a factor of 2853?
False
Is 1320 a multiple of 20?
True
Is 55 a factor of 990?
True
Is 16 a factor of 14400?
True
Is 3 a factor of 9021?
True
Does 98 divide 59370?
False
Does 12 divide 900?
True
Is 504 a multiple of 36?
True
Is 270 a multiple of 90?
True
Is 2898 a multiple of 21?
True
Is 150 a multiple of 25?
True
Is 3260 a multiple of 36?
False
Is 336 a multiple of 12?
True
Is 118 a factor of 44167?
False
Is 59 a factor of 992?
False
Is 10 a factor of 758?
False
Is 1862 a multiple of 4?
False
Is 18 a factor of 2932?
False
Is 17 a factor of 578?
True
Is 57 a factor of 2446?
False
Does 6 divide 48?
True
Does 54 divide 1892?
False
Is 4505 a multiple of 17?
True
Is 4195 a multiple of 36?
False
Is 9 a factor of 759?
False
Is 14 a factor of 3752?
True
Does 6 divide 118?
False
Is 1190 a multiple of 70?
True
Is 18 a factor of 16704?
True
Is 3 a factor of 333?
True
Is 13979 a multiple of 74?
False
Does 87 divide 3623?
False
Does 14 divide 10136?
True
Is 37 a factor of 481?
True
Does 40 divide 240?
True
Is 20 a factor of 820?
True
Is 5487 a multiple of 213?
False
Is 166 a factor of 12782?
True
Does 24 divide 38403?
False
Is 21987 a multiple of 21?
True
Is 2 a factor of 723?
False
Does 8 divide 320?
True
Is 26 a factor of 1742?
True
Is 8 a factor of 2448?
True
Is 8 a factor of 272?
True
Does 15 divide 67551?
False
Does 6 divide 516?
True
Is 1635 a multiple of 15?
True
Is 60401 a multiple of 19?
True
Is 132696 a multiple of 19?
True
Is 6032 a multiple of 8?
True
Is 9 a factor of 522?
True
Does 18 divide 51?
False
Is 237 a multiple of 31?
False
Is 33300 a multiple of 20?
True
Is 27116 a multiple of 150?
False
Does 8 divide 17805?
False
Is 51 a factor of 4908?
False
Does 17 divide 4730?
False
Does 10 divide 78105?
False
Does 11 divide 55919?
False
Is 3 a factor of 17457?
True
Is 130548 a multiple of 63?
False
Is 5 a factor of 252?
False
Is 9 a factor of 11877?
False
Is 48 a factor of 2016?
True
Is 8396 a multiple of 74?
False
Is 26 a factor of 2583?
False
Is 4086 a multiple of 7?
False
Is 35 a factor of 1330?
True
Is 12400 a multiple of 62?
True
Is 28212 a multiple of 95?
False
Is 20 a factor of 23189?
False
Is 5520 a multiple of 80?
True
Is 62 a multiple of 62?
True
Does 18 divide 482?
False
Is 38 a factor of 